{"id":147,"date":"2018-11-05T22:54:07","date_gmt":"2018-11-06T00:54:07","guid":{"rendered":"http:\/\/localhost\/africanias\/?page_id=5"},"modified":"2020-08-31T15:45:39","modified_gmt":"2020-08-31T18:45:39","slug":"pagina-inicial","status":"publish","type":"page","link":"http:\/\/africaniasufrj.com.br\/","title":{"rendered":"P\u00e1gina inicial"},"content":{"rendered":"<p>Bem-vindo(a) ao site do nosso grupo <strong>Africanias UFRJ<\/strong>!<\/p>\n<p>O Africanias UFRJ \u00e9 um grupo de pesquisa vinculado ao Programa de P\u00f3s-Gradua\u00e7\u00e3o em M\u00fasica da UFRJ que prop\u00f5e estudar a m\u00fasica vocal brasileira, bem como a produzida nas Am\u00e9ricas produzindo saberes cient\u00edficos e art\u00edsticos.<\/p>\n","protected":false},"excerpt":{"rendered":"<p>Bem-vindo(a) ao site do nosso grupo Africanias UFRJ! O Africanias UFRJ \u00e9 um grupo de pesquisa vinculado ao Programa de P\u00f3s-Gradua\u00e7\u00e3o em M\u00fasica da UFRJ que prop\u00f5e estudar a m\u00fasica vocal brasileira, bem como a produzida nas Am\u00e9ricas produzindo saberes cient\u00edficos e art\u00edsticos.<\/p>\n","protected":false},"author":2,"featured_media":0,"parent":0,"menu_order":0,"comment_status":"closed","ping_status":"closed","template":"","meta":{"footnotes":""},"_links":{"self":[{"href":"http:\/\/africaniasufrj.com.br\/index.php\/wp-json\/wp\/v2\/pages\/147"}],"collection":[{"href":"http:\/\/africaniasufrj.com.br\/index.php\/wp-json\/wp\/v2\/pages"}],"about":[{"href":"http:\/\/africaniasufrj.com.br\/index.php\/wp-json\/wp\/v2\/types\/page"}],"author":[{"embeddable":true,"href":"http:\/\/africaniasufrj.com.br\/index.php\/wp-json\/wp\/v2\/users\/2"}],"replies":[{"embeddable":true,"href":"http:\/\/africaniasufrj.com.br\/index.php\/wp-json\/wp\/v2\/comments?post=147"}],"version-history":[{"count":2,"href":"http:\/\/africaniasufrj.com.br\/index.php\/wp-json\/wp\/v2\/pages\/147\/revisions"}],"predecessor-version":[{"id":453,"href":"http:\/\/africaniasufrj.com.br\/index.php\/wp-json\/wp\/v2\/pages\/147\/revisions\/453"}],"wp:attachment":[{"href":"http:\/\/africaniasufrj.com.br\/index.php\/wp-json\/wp\/v2\/media?parent=147"}],"curies":[{"name":"wp","href":"https:\/\/api.w.org\/{rel}","templated":true}]}}

Página inicial

<p>Bem-vindo(a) ao site do nosso grupo <strong>Africanias UFRJ</strong>!</p>
<p>O Africanias UFRJ é um grupo de pesquisa vinculado ao Programa de Pós-Graduação em Música da UFRJ que propõe estudar a música vocal brasileira, bem como a produzida nas Américas produzindo saberes científicos e artísticos.</p>

<p>Bem-vindo(a) ao site do nosso grupo Africanias UFRJ! O Africanias UFRJ é um grupo de pesquisa vinculado ao Programa de Pós-Graduação em Música da UFRJ que propõe estudar a música vocal brasileira, bem como a produzida nas Américas produzindo saberes científicos e artísticos.</p>
